t is the units digit of r(5)?
8
Let h(d) = d**3 + 14*d**2 + 11*d - 14. Let a be h(-13). Let q be (a + 78)/((-4)/(-6)). Suppose -q = 7*i - 10*i. What is the tens digit of i?
4
Suppose k - 194 = -0*k. What is the tens digit of k?
9
Let u = -920 + 1484. What is the hundreds digit of u?
5
Let c(f) = -3*f + f**2 + 4*f + 1 - f. Suppose 3 = 3*n + p + 11, 0 = 5*n + 5*p + 30. What is the units digit of c(n)?
2
Let r be 11/(-9) + (-6)/(-27). Let y be (15/12)/(r/(-4)). Suppose -t + 7*m - 2*m + 34 = 0, 3*m = y*t - 214. What is the units digit of t?
4
Let w(p) = 11*p**2 + p + 1. Let z be w(-3). Suppose 5*i - 2*l + 272 = 0, -l - 269 = 6*i - i. Let f = z + i. What is the units digit of f?
3
Suppose 5*f = 2*o + 8, 4*f - 5 - 1 = 2*o. Let i(c) be the third derivative of c**4/24 + c**2. What is the units digit of i(f)?
2
Let z = 7 - -19. Let c = -17 + z. What is the units digit of c?
9
Suppose -c = -5*b + 15, 0 = 8*b - 5*b + 2*c - 22. What is the units digit of b?
4
Let b(q) = q**3 + 9*q**2 + 2*q + 7. Let o be b(-6). Suppose -3*k + o = 22. What is the tens digit of k?
2
Suppose 54*y - 1984 - 16484 = 0. What is the units digit of y?
2
Let t(a) = 7*a - 5. Let s be t(5). Let q = 40 - s. What is the units digit of q?
0
Suppose 29*n - 33*n - 72 = 0. What is the tens digit of (-10)/((-52)/n - 3)?
9
Let d(t) = t + 15. Let j be d(-11). What is the tens digit of 6/j - 73/(-2)?
3
Suppose -650*a + 642*a + 14680 = 0. What is the tens digit of a?
3
Let x(z) = 3*z**2 - z. Let n be x(1). Let a = -152 - -134. What is the units digit of n/9 - 302/a?
7
Let d be 8/6 - (-25)/(-15)*-1. Suppose 4*g - 76 = -n, g + 29 = d*n - 212. What is the tens digit of n?
8
Suppose 5*f + 3*n = 7*n + 3631, f + 5*n - 732 = 0. What is the hundreds digit of f?
7
Let q be 4/(-18) - (-220)/18. Let o be 32/q - 2/(-6). Suppose -4*c + 47 = o*s, -c - 1 = -0*c + 5*s. What is the tens digit of c?
1
Suppose 6*o - 11*o + 310 = 0. Let r = o - 9. What is the tens digit of r?
5
Let u(a) = -a + 5. Let y be u(11). Let o = y + 10. Suppose -o*w = -208 + 52. What is the units digit of w?
9
Suppose -20*q = -26*q + 2424. What is the tens digit of q?
0
Suppose 3*d - 119 = 2*d + y, -y = -2*d + 235. Let p = d + -3. What is the units digit of p?
3
Let f(r) = -r + 0*r + 41 - 4*r. What is the tens digit of f(-13)?
0
Let c(y) = -4*y**3 - 8*y**2 + 8*y. Let g be c(-7). Suppose g = 5*n + 2*n. What is the hundreds digit of n?
1
Let x(r) = r + 9. Let p be x(-9). Suppose -j + 3*u + 74 = p, 0*u = 2*j - 4*u - 138. What is the tens digit of j?
5
What is the hundreds digit of (-39141)/(-13) + 490/3185?
0
Suppose 0 = -4*k + 5 + 7. Suppose 7*s - k*s = 568. What is the units digit of s?
2
Let s(v) be the second derivative of v**4/12 - 5*v**3/6 + v**2/2 - 5*v. Let f be s(5). What is the units digit of 6/(f/(-4)*-4)?
6
Let f(d) = d + 12. Let c be 136/6 + 2/6. Let m = 34 - c. What is the units digit of f(m)?
3
Let y = 1725 + -1065. What is the tens digit of y?
6
Let x = -152 - -157. Let p = 181 - 93. Suppose -2*r + b + 63 = 2*b, -3*r + p = -x*b. What is the tens digit of r?
3
Let g = 1268 + -1209. What is the tens digit of g?
5
Suppose -5*c = -l + 3*l + 86, 4*l = -3*c - 186. What is the units digit of 37*2 + l/12?
0
What is the tens digit of (-5410)/(-30)*6/(-10)*-5?
4
Suppose 0 = -5*m + 4*m + 19. Suppose -4*k = 3*a - 5, -5*a + k + 3*k = -m. Suppose -a*r + 183 = 5*o, -3*r + 78 = -2*r - 4*o. What is the tens digit of r?
6
Suppose 5*c = -4*b + 5099, -43*c + 6415 = 5*b - 45*c. What is the units digit of b?
1
Suppose -26 - 72 = -4*a - 3*j, 0 = -2*a + 5*j + 36. Let h be (-340)/(-55) - 1 - (-4)/(-22). Let c = a - h. What is the units digit of c?
8
Let u(g) be the third derivative of -19*g**4/24 + g**3/2 + 3*g**2. What is the tens digit of u(-3)?
6
Let a = -41 + 78. Suppose -a - 13 = -2*s. What is the tens digit of s?
2
Let g = -733 - -976. What is the tens digit of g?
4
Let t be (-40)/(-16)*24/10. Let d(k) = -3*k + 2 - t - 8. What is the units digit of d(-5)?
3
Suppose n + 8 = 3*n. Suppose 148 = -2*o - o - n*r, -o + 2*r - 66 = 0. Let s = o + 98. What is the tens digit of s?
4
Let f(j) = 125*j - 17. What is the hundreds digit of f(6)?
7
Let c = 855 + -597. Suppose g + c = 3*g. Let n = -89 + g. What is the tens digit of n?
4
Suppose -r - 6 = -3, 5*j + 24 = 2*r. Let b be j/(-16) + (-18)/48. Suppose b = 4*g - 10*g + 336. What is the tens digit of g?
5
Let p(z) = 0 - 2 - 3*z + 2*z. Let f be p(-14). Suppose -2*s = -0*s - f. What is the units digit of s?
6
Let c = -21 - -27. Suppose h - c*t = -t + 237, 2*h - 488 = -4*t. Suppose -3*f - h = -4*z - f, -325 = -5*z - 5*f. What is the tens digit of z?
6
What is the tens digit of (-15 + -6)*(-40)/2?
2
Suppose -6 = 2*f - 4*k, -4*k - 12 - 4 = 0. Let p(m) = -14*m + 71. What is the tens digit of p(f)?
2
Let k(t) = 6*t**2 + 15*t - 2. What is the units digit of k(-9)?
9
Let p(d) = 2*d**3 - 4*d**2 - 21*d + 27. What is the units digit of p(7)?
0
Let i = -11 - -13. Suppose w - i*q = 33, -3 + 120 = 5*w + 2*q. What is the units digit of w?
5
Suppose -20150 = -37*s + 11*s. What is the hundreds digit of s?
7
Suppose 4*p + 5*v = 46, 18 = -4*p + v + 76. Suppose -5*u + i - 10 = 0, 0 = 4*i - 35 + 15. Let c = p + u. What is the tens digit of c?
1
Let p(u) = 146*u**2 + 8*u + 2. What is the thousands digit of p(-3)?
1
Let o(s) = -3*s + s**2 + 5*s + 20 - s**3 - 3*s + 0*s. What is the units digit of o(0)?
0
Suppose -3*t + 165 = 519. Let i be (0 - t)*(-3)/(-6). Let f = i - 31. What is the units digit of f?
8
Let s(c) = -c**3 + 11*c**2 - 11*c + 41. What is the units digit of s(10)?
1
What is the tens digit of 157 - (0 + -3)*3?
6
Let j = 95 - -387. What is the tens digit of j?
8
Let t(i) be the first derivative of i**3 + i**2/2 + 3*i - 120. Suppose 0 = -3*g + 2*g + 2. What is the tens digit of t(g)?
1
What is the hundreds digit of 326 + 1 - 45/15?
3
Suppose 2*w = -3*w + 815. Let q = 229 - w. Suppose -5*n + q = n. What is the units digit of n?
1
Suppose x + 58 = 5*o, 8 = 4*o + 5*x - 21. Suppose b = 6 - o. Let q(t) = -5*t. What is the tens digit of q(b)?
2
Let x(o) = 16*o + 3. Let f(m) = 4*m**2 + 2*m + 1. Let b be f(-1). Let a be x(b). Let p = 77 - a. What is the tens digit of p?
2
Suppose -5390 = -6*o + o. What is the hundreds digit of (-17)/(-85) + o/10?
1
Suppose 4*y = 5*m + 6, m - 3 - 7 = -2*y. What is the tens digit of m/7 - (-4102)/49?
8
Let h(u) be the third derivative of -67*u**6/120 + u**5/60 + u**4/24 - u**3/6 - 4*u**2. What is the tens digit of h(-1)?
6
Let n(z) = z**3 - 11*z**2 + 20*z - 9. Let g be n(9). Let p(x) = 2*x**2 + 2*x + 7. What is the units digit of p(g)?
7
Let p be (-90)/5 + 0/(-2). Let y = -14 - p. Suppose 5*c - 37 = -i + 2*c, 5*i = y*c + 147. What is the units digit of i?
1
What is the hundreds digit of ((-22)/6)/(3/(-648)*2)?
3
Let c(a) = 19*a. Suppose -w = -4*u - 13, 4*w - 3*u + 7 = 20. What is the units digit of c(w)?
9
Suppose -870*u + 2968 = -866*u. What is the units digit of u?
2
Let s(r) = 31*r - 22. What is the units digit of s(10)?
8
Suppose 0 = -4*c - 2*r + 92, 38 = 2*c - r + 4*r. Suppose 5*w - 27 = -17. Suppose 17 = w*f - c. What is the tens digit of f?
2
Let c(g) = 3*g**3 - 18*g**2 - 21*g - 39. What is the hundreds digit of c(12)?
3
Suppose 2*v = -w - 0*w + 94, -4*v - 412 = -4*w. What is the tens digit of w?
0
Let k be 8/((0 + 4)/2). Suppose -3*x + 55 = 5*m - 176, -k*m + 184 = 2*x. What is the units digit of m?
5
Let d(l) = 3 - 17*l**2 + 4*l + 21*l**2 - 10. What is the units digit of d(3)?
1
Let d(m) = m**2 + m - 8. Let r be d(-4). Suppose 17*f - 14*f = -r*z + 908, 2*f + 5*z = 610. What is the tens digit of f?
0
Let v(s) = 1075*s - 7. What is the hundreds digit of v(1)?
0
Let o(x) = 14*x**2 - 8*x - 6. Let j be o(5). Suppose -2*z + j = -70. What is the hundreds digit of z?
1
What is the thousands digit of 3 - 1*-1652 - 6/6?
1
What is the units digit of -21*(-8)/(-24) + 163?
6
Let d(x) = -x**3 - 2*x**2 - x + 6. Let v be d(0). Suppose 98 = 5*z + 2*b, -55 = -3*z - v*b + b. What is the units digit of z?
0
Let d(r) = -11*r**3 - 2*r**2 + 13*r + 5. Let i be d(-5). Suppose 6*c + 71 = i. What is the hundreds digit of c?
1
Suppose -s - 8 = s. Let v(r) = 9*r**3 - 3*r**2 + r - 3. Let b(m) = 8*m**3 - 4*m**2 + m - 4. Let z(w) = s*v(w) + 3*b(w). What is the tens digit of z(-1)?
1
Let m be (-4)/(-6)*555/2. Let d be 